4
Suppose 0 = -o - s + 8, 4*o - 34 + 17 = -s. Suppose -339 = -o*w + z, 7*w - z = 9*w - 226. What is the tens digit of w?
1
Suppose -x + g = g - 3*g, 0 = -5*g. Suppose -684 = -2*k - 2*p, 4*k - 1364 = -x*p - 3*p. What is the tens digit of k?
3
Let r(c) = -24*c**3 - 27*c**2 - 5*c + 19. What is the hundreds digit of r(-11)?
7
Let y(p) = 467*p - 5121. What is the tens digit of y(86)?
4
Let p = -359 + 363. Let q(u) = 59*u**2 + 4*u - 26. What is the units digit of q(p)?
4
Let z = 1766 - 797. Suppose -4*b + 3898 = 5*i, 4*b - 3*b = -4*i + z. What is the tens digit of b?
7
Let t = -1371 + 2259. Let x = t - 381. What is the tens digit of x?
0
Suppose 47*w - 24*w - 222766 - 166279 = 0. What is the ten thousands digit of w?
1
Suppose 3908450 = 198*a - 6644356. What is the units digit of a?
7
Let o be 822/14 - (-6)/21. Let g(v) = v**3 - 5*v**2 - 9*v + 64. Let u be g(7). Let f = u - o. What is the units digit of f?
0
Let f(i) = i**3 - 4*i**2 - 4*i - 3. Let b be f(5). Suppose 9 = b*k + k. Suppose -3*t - 189 = -k*l, 0 = 3*l + t + t - 184. What is the tens digit of l?
6
What is the units digit of -15796*((-1)/(-20)*35 - 2)?
9
Let q(c) be the first derivative of 9*c**2 + 24*c - 20. Let i be q(12). Suppose -11*n - i = -13*n. What is the units digit of n?
0
Let c = 15034 + -7282. What is the thousands digit of c?
7
What is the units digit of (22 - 2688/126) + (-36140)/(-6)?
4
Let i(c) = c**2 - 565*c - 60. What is the units digit of i(-21)?
6
Suppose -13*y = -y - 26457 - 19419. What is the thousands digit of y?
3
What is the ten thousands digit of (6 + -6 + 5)/(2/5202)?
1
Let g(f) = -f - 4. Let j be g(-9). Suppose 4*h - 148 = 5*c, c + 5*h + 23 = j. Let q = -8 - c. What is the units digit of q?
0
Suppose -42 = -3*k - 93. What is the units digit of 42/(-4)*k/(1071/1980)?
0
Let j(l) = -11*l + 10. Let c be j(2). Let q be (-2)/c - (-251)/6. Suppose 0 = 5*d + h - 206 + 78, -2*d - 5*h + q = 0. What is the tens digit of d?
2
Let g(u) = -135*u**2 + 2*u + 17. Let j(m) = 135*m**2 - m - 20. Let z(p) = -6*g(p) - 5*j(p). What is the hundreds digit of z(-2)?
5
Let p = -5183 - -8199. What is the thousands digit of p?
3
Let r be 2/4 + 78/52. Suppose 2812 = 4*n - 0*j - 2*j, -1426 = -r*n - 4*j. What is the tens digit of n?
0
Let x be (-1 - (-39)/21)/((-10)/(-35)). What is the tens digit of (-1 - -23)*(-12)/(-3 - x)?
4
Suppose 0 = -3*o + 3*c + 39, -5*c - 39 = -o - 6. What is the units digit of (-1066)/4*(3 + o + -13)?
3
Let y = -25 - -28. Suppose -y*h = 7 - 28. Suppose -h*v + 168 = -v. What is the tens digit of v?
2
Suppose 32*g + 117581 = 290403 + 242890. What is the ten thousands digit of g?
1
Let u(o) = -8*o - 126. Let n be u(-11). Let l = n - -57. What is the units digit of l?
9
Suppose -c + 4*z = -8 - 22, 3*c = 2*z + 40. Suppose 7281 = c*j - 1849. What is the units digit of j?
3
Let u(k) = 592*k - 426. What is the hundreds digit of u(16)?
0
Let a(l) = l**2 - 4*l - 3. Let k be a(5). Suppose -4*r = -3*d - 49, 3*r + 5*d = -k*r + 105. What is the tens digit of (r/(-3))/((-10)/120)?
6
What is the hundreds digit of -2*7/(-2) + (-13 - 190240/(-16))?
8
Let r(d) = -d**3 - 9*d**2 - 37*d - 51. What is the tens digit of r(-8)?
8
Suppose 2*r + 20 = 74. Suppose -19*p + r*p - 14728 = 0. What is the thousands digit of p?
1
Let u be (12 - (2 + -2))*4/16. Let w(y) = 17*y**3 + 2*y**2 + 5*y - 1. What is the units digit of w(u)?
1
Let m be 2*3 + (-142)/71. Let p(v) = 3 + 2*v + 7*v**2 - 2*v - 4*v + v**2. What is the hundreds digit of p(m)?
1
What is the tens digit of (76/76)/((-1)/(-253865))*2/10?
7
Suppose 5*c - 3*y - 170948 = 0, -6*c + 6*y + 205134 = 3*y. What is the units digit of c?
6
Suppose 0 = 4*n, 4*h - 34 = 5*n + 2. What is the hundreds digit of h*(-1 - (-148)/3)?
4
What is the tens digit of 3 - 10 - (-555624)/(-90)*(-5)/2?
2
What is the units digit of (27 - 37957)/(28/(-16) + 4/(-16))?
5
Suppose 0 = 36*u + 503407 - 1770634 - 687501. What is the thousands digit of u?
4
Let w(o) = 30*o + 105. Let j(t) = -t + 1. Let f(c) = -4*j(c) - w(c). What is the hundreds digit of f(-20)?
4
Let a(c) = c**3 + 14*c**2 - c - 15. Let q be a(-14). What is the tens digit of ((2 - 3)/q)/((-27)/(-432))?
1
Let m(j) = -j**2 - 14*j - 20. Let v be m(-3). Suppose -v*c - 12 = -16*c. Suppose 5*r - 5*k - 1300 = 0, -c*r + 1016 = k + 3*k. What is the tens digit of r?
5
Suppose -4*g - 5 - 5 = -5*r, -19 = r - 5*g. Let d(p) = 18*p + 1 - 1 - r - 4*p**2 + 3*p**2. What is the units digit of d(10)?
4
What is the units digit of (-705232)/(-3 + -19) + -7?
9
Suppose 8*h = 126 + 34. Let z be (-12)/(-10)*h/6. Suppose z*n - 70 = 3*n. What is the tens digit of n?
7
Let s(q) = 13*q**2 + 51*q + 94. What is the units digit of s(-22)?
4
Suppose 0 = -3*t - 5*x + 35669, 2*t + 14*x = 9*x + 23781. What is the units digit of t?
8
Let r be (-4)/(-40) + (-1)/10. Suppose 3*l + 4*x - 6009 = r, -5*l + 9625 = -x - 390. What is the thousands digit of l?
2
Let c = 1146 + -1096. Let a = -191 + 345. Suppose i - 3*w - c = a, -2*w = i - 229. What is the tens digit of i?
1
Let g = -15 - -19. Let w(k) = g - 6*k - 18 + 0. What is the tens digit of w(-9)?
4
Let n(i) = -i**3 + i**2 - i - 4. Let v(k) = 7*k**3 + 9*k**2 - 9*k + 27. Let y(x) = 6*n(x) + v(x). What is the hundreds digit of y(-13)?
5
Let n be 273/(-3)*1/(-1). Suppose 0 = 6*y - 4*y + 5*o - 145, -252 = -3*y + 4*o. Let r = n + y. What is the hundreds digit of r?
1
Suppose 81*z - 73054 = 118673. What is the thousands digit of z?
2
Let n(y) = 164*y - 57. Let q = -26 - -34. Let w be n(q). Suppose 0 = -11*c + w + 516. What is the hundreds digit of c?
1
Suppose 30*r + 20 = 35*r. What is the tens digit of 485 - (-8)/(-2 + r)?
8
Let s = 5 + 4. Let d(a) = a**3 + a**2 - 3*a + 11. Let y(f) = 2*f**3 - 7*f + 22. Let p(t) = -7*d(t) + 4*y(t). What is the tens digit of p(s)?
1
Suppose 5*s = -2*c + 42, -2*s + 14 = -3*c + c. Let i(m) = m**2 + 10 - 13*m + 15*m - s + 10. What is the hundreds digit of i(-13)?
1
Let f = 21 + -29. Let p be 4*(-2)/f*5. Suppose 38 = -p*h + 143. What is the tens digit of h?
2
Let g = -20 - -13. Let i = -2 - g. What is the tens digit of 12/i*(86/4 - -1)?
5
Suppose 6*z + 3*z - 74538 = 0. What is the hundreds digit of z?
2
Let n(y) = 15*y + 14. Let c be (2 - 1)/(5*(-3)/(-135)). Let j be n(c). Let s = 308 - j. What is the units digit of s?
9
Let x(a) = a**3 - 9*a**2 + 8*a + 2. Let t be x(8). Suppose -141 - 213 = -t*r. What is the tens digit of (r/(-6))/(3/(-6))?
5
Let x be -22 - (0 + (-90)/15). Let y(i) = i**3 - 3*i**2 + 2*i - 6. Let g be y(4). Let j = g - x. What is the units digit of j?
4
Let i = 121 - 66. Suppose 0 = -43*l + i*l - 420. What is the tens digit of l?
3
Suppose -55*x - 105 = -58*x. Let n = x + -23. Suppose n*f = f + 1023. What is the tens digit of f?
9
Let p(g) = g + 21. Let a be p(-19). Let d be -2 + 5 + (1 - a). Let o(q) = 25*q**3 - 2*q**2 + 4*q - 3. What is the tens digit of o(d)?
9
Let j = -42187 + 112217. What is the tens digit of j?
3
Suppose 3*a - 6 = 0, -52*a + 54*a - 194 = -5*x. Let w = 453 - x. What is the units digit of w?
5
Let h(z) = z**2 + 2*z + 7. Let p(l) = -l - 26. Let v be p(-22). Let g be h(v). Suppose 0 = -5*k - g + 305. What is the units digit of k?
8
Let f = 7011 + -5252. What is the units digit of f?
9
Let d(t) be the second derivative of t**5/20 - 23*t**4/12 + 7*t**3 + 29*t**2/2 - 49*t. What is the units digit of d(21)?
9
Let k be 2/5 - 1054/10. Suppose -24*i + 37*i = 2314. Let q = i + k. What is the tens digit of q?
7
Suppose 0 = 36*z + 223663 - 616351. What is the thousands digit of z?
0
Let k = 188 - 37. Suppose -581 = -4*s + k. What is the hundreds digit of s?
1
Suppose -2*c + 14*c = 6060. Suppose o - c = -73. What is the tens digit of o?
3
Suppose -2730 = 2*h - 16090. Suppose -1847 = 9*f - h. What is the hundreds digit of f?
5
Let v = -265 - -404. Suppose 3648 = 141*n - v*n. What is the hundreds digit of n?
8
Suppose 36*k - 94 = 38*k. Let p be (k/(-1))/(4/4)*-1. Let i = 51 - p. What is the tens digit of i?
9
Suppose 2*z = -4*n + 24710, -2*z + 5897 = -2*n - 18783. What is the ten thousands digit of z?
1
Suppose 21*v + 104 = 29*v. Let f = 2 + v. What is the tens digit of f?
1
Suppose 3*t - 5*q - 10279 = 0, t - 2*q - 2986 = 439. What is the thousands digit of t?
3
Let s = -5743 - -13085. What is the tens digit of s?
4
Let n(g) = 5*g - 72. Let h be n(13). W